by 67?
65
What is the remainder when 1296583 is divided by 259315?
8
Calculate the remainder when 3343 is divided by 279.
274
Calculate the remainder when 6386 is divided by 76.
2
What is the remainder when 2661 is divided by 2619?
42
What is the remainder when 106681 is divided by 1317?
4
Calculate the remainder when 81738 is divided by 74.
42
What is the remainder when 21356 is divided by 5339?
0
What is the remainder when 7858 is divided by 238?
4
Calculate the remainder when 9601 is divided by 24.
1
What is the remainder when 1822 is divided by 76?
74
What is the remainder when 47654 is divided by 11911?
10
What is the remainder when 175594 is divided by 105?
34
What is the remainder when 415796 is divided by 189?
185
What is the remainder when 6089 is divided by 290?
289
What is the remainder when 7476 is divided by 1668?
804
Calculate the remainder when 79184 is divided by 129.
107
Calculate the remainder when 2647 is divided by 876.
19
Calculate the remainder when 15762 is divided by 15745.
17
What is the remainder when 10087 is divided by 2509?
51
What is the remainder when 3751264 is divided by 63?
55
What is the remainder when 88071 is divided by 126?
123
Calculate the remainder when 91051 is divided by 628.
619
Calculate the remainder when 1891 is divided by 235.
11
Calculate the remainder when 2748 is divided by 853.
189
Calculate the remainder when 124345 is divided by 3657.
7
What is the remainder when 27004 is divided by 1686?
28
What is the remainder when 234471 is divided by 196?
55
Calculate the remainder when 8528 is divided by 471.
50
What is the remainder when 192294 is divided by 64069?
87
What is the remainder when 309694 is divided by 209?
165
What is the remainder when 26407 is divided by 26405?
2
Calculate the remainder when 1263 is divided by 325.
288
What is the remainder when 40129 is divided by 393?
43
What is the remainder when 49020 is divided by 193?
191
What is the remainder when 7721 is divided by 1544?
1
What is the remainder when 70416 is divided by 4142?
2
Calculate the remainder when 605 is divided by 186.
47
Calculate the remainder when 6227 is divided by 788.
711
What is the remainder when 1312 is divided by 1245?
67
Calculate the remainder when 2188 is divided by 705.
73
Calculate the remainder when 38860 is divided by 324.
304
Calculate the remainder when 28710 is divided by 9570.
0
What is the remainder when 8854 is divided by 523?
486
Calculate the remainder when 128055 is divided by 200.
55
Calculate the remainder when 195307 is divided by 626.
621
Calculate the remainder when 12040 is divided by 36.
16
Calculate the remainder when 27238 is divided by 15.
13
What is the remainder when 6407 is divided by 1101?
902
Calculate the remainder when 57264 is divided by 57254.
10
What is the remainder when 33362 is divided by 188?
86
Calculate the remainder when 97763 is divided by 1995.
8
What is the remainder when 8102 is divided by 44?
6
Calculate the remainder when 7116928 is divided by 15.
13
Calculate the remainder when 110073 is divided by 320.
313
Calculate the remainder when 194563 is divided by 266.
117
Calculate the remainder when 6452 is divided by 140.
12
Calculate the remainder when 453 is divided by 54.
21
What is the remainder when 32366 is divided by 238?
236
Calculate the remainder when 40199 is divided by 1003.
79
What is the remainder when 8084 is divided by 898?
2
Calculate the remainder when 2752 is divided by 1165.
422
Calculate the remainder when 694 is divided by 480.
214
What is the remainder when 27935 is divided by 127?
122
Calculate the remainder when 25659 is divided by 484.
7
What is the remainder when 35565 is divided by 8841?
201
Calculate the remainder when 3268 is divided by 1628.
12
Calculate the remainder when 2513 is divided by 182.
147
What is the remainder when 45581 is divided by 23?
18
What is the remainder when 95483 is divided by 47734?
15
Calculate the remainder when 115851 is divided by 8910.
21
Calculate the remainder when 874 is divided by 450.
424
What is the remainder when 8121 is divided by 38?
27
Calculate the remainder when 823287 is divided by 10.
7
Calculate the remainder when 32969 is divided by 104.
1
What is the remainder when 17243 is divided by 903?
86
What is the remainder when 900 is divided by 764?
136
What is the remainder when 20254 is divided by 414?
382
What is the remainder when 42188 is divided by 42167?
21
Calculate the remainder when 9320 is divided by 4652.
16
Calculate the remainder when 182103 is divided by 91050.
3
Calculate the remainder when 3898 is divided by 72.
10
Calculate the remainder when 305 is divided by 177.
128
Calculate the remainder when 10358 is divided by 10357.
1
Calculate the remainder when 4331 is divided by 400.
331
What is the remainder when 16964 is divided by 4178?
252
What is the remainder when 580954 is divided by 25?
4
What is the remainder when 8775 is divided by 16?
7
Calculate the remainder when 18301 is divided by 32.
29
What is the remainder when 1091 is divided by 38?
27
What is the remainder when 2234 is divided by 795?
644
Calculate the remainder when 172216 is divided by 172190.
26
Calculate the remainder when 142 is divided by 52.
38
Calculate the remainder when 2799 is divided by 46.
39
Calculate the remainder when 549073 is divided by 37.
30
Calculate the remainder when 28435 is divided by 9476.
7
What is the remainder when 50175 is divided by 6271?
7
Calculate the remainder when 52172 is divided by 3990.
302
Calculate the remainder when 187446 is divided by 9.
3
What is the remainder when 1040 is divided by 626?
414
What is the remainder when 3509 is divided by 1157?
38
Calculate the remainder when 14173 is divided by 20.
13
Calculate the remainder when 205825 is divided by 512.
1
Calculate the remainder when 12263 is divided by 61.
2
Calculate the remainder when 1043289 is divided by 1167.
1158
What is the remainder when 94842 is divided by 167?
153
Calculate the remainder when 1155 is divided by 21.
0
What is the remainder when 26256 is divided by 11?
10
Calculate the remainder when 408 is divided by 247.
161
Calculate the remainder when 6703 is divided by 247.
34
What is the remainder when 116402 is divided by 155?
152
Calculate the remainder when 893 is divided by 884.
9
What is the remainder when 42844 is divided by 54?
22
Calculate the remainder when 44723 is divided by 355.
348
Calculate the remainder when 189123 is divided by 45.
33
What is the remainder when 44055 is divided by 92?
79
What is the remainder when 12680 is divided by 844?
20
Calculate the remainder when 3273 is divided by 468.
465
Calculate the remainder when 6425 is divided by 286.
133
Calculate the remainder when 18718 is divided by 30.
28
What is the remainder when 110693 is divided by 148?
137
Calculate the remainder when 28303 is divided by 232.
231
What is the remainder when 9228 is divided by 2994?
246
What is the remainder when 6227 is divided by 23?
17
Calculate the remainder when 14679 is divided by 2923.
64
Calculate the remainder when 8137 is divided by 191.
115
What is the remainder when 787284 is divided by 37?
35
What is the remainder when 3580 is divided by 50?
30
What is the remainder when 47057 is divided by 67?
23
What is the remainder when 8745 is divided by 23?
5
Calculate the remainder when 6112 is divided by 2903.
306
What is the remainder when 3856 is divided by 259?
230
Calculate the remainder when 8446 is divided by 353.
327
Calculate the remainder when 1443961 is divided by 13.
12
Calculate the remainder when 3763 is divided by 24.
19
Calculate the remainder when 1444 is divided by 115.
64
What is the remainder when 10021 is divided by 29?
16
Calculate the remainder when 539146 is divided by 67.
64
What is the remainder when 104081 is divided by 410?
351
What is the remainder when 19271 is divided by 270?
101
What is the remainder when 1793 is divided by 1283?
510
Calculate the remainder when 10233 is divided by 333.
243
What is the remainder when 9194 is divided by 69?
17
What is the remainder when 1436209 is divided by 3242?
3
Calculate the remainder when 40245 is divided by 39.
36
Calculate the remainder when 6157 is divided by 690.
637
What is the remainder when 9861 is divided by 3155?